{"id":30,"date":"2016-11-18T10:31:34","date_gmt":"2016-11-18T09:31:34","guid":{"rendered":"http:\/\/www.lvpc.gouby.fr\/?page_id=30"},"modified":"2016-11-18T10:31:34","modified_gmt":"2016-11-18T09:31:34","slug":"lassociation","status":"publish","type":"page","link":"https:\/\/www.la-vie-pour-christie.com\/index.php\/lassociation\/","title":{"rendered":"L&rsquo;association"},"content":{"rendered":"<p><strong>Les objectifs de l&rsquo;association sont les suivants :<\/strong><\/p>\n<p class=\"texte\">* Faire connaitre la maladie de Christie et Charlie, porteuses d&rsquo;une maladie de peau g\u00e9n\u00e9tique inconnue<\/p>\n<p class=\"texte\">* De sortir de l&rsquo;isolement.<\/p>\n<p class=\"texte\">* De rechercher de nouvelles m\u00e9thodes de protection contre le soleil.<\/p>\n<p class=\"texte\">* R\u00e9colter des fonds :<\/p>\n<p class=\"texte\">\u00a0 &#8211; Pour financer les examens qui ne seraient pas pris en charge.<br \/>\n&#8211; Pour financer les examens qui seraient fait \u00e0 l&rsquo;\u00e9tranger.<br \/>\n&#8211; Pour financer le transport\u00a0 et h\u00e9bergement lors des d\u00e9placements.<br \/>\n&#8211; Pour financer une nouvelle combinaison anti-ultraviolets.<br \/>\n&#8211; Pour financer un protocole de recherche.<\/p>\n<p class=\"texte\">* Pour palier aux besoins de personnels de Christie relatifs \u00e0 son handicap et sa maladie tels que :<br \/>\n&#8211; L&rsquo;am\u00e9nagement des lieux de vie. (filtres anti U.V et mat\u00e9riels de s\u00e9curit\u00e9, rideaux occultant&#8230;)<br \/>\n&#8211; L&rsquo;achat de mat\u00e9riels \u00e9ducatifs, p\u00e9dagogiques et autres.<br \/>\n&#8211; L&rsquo;achat de mat\u00e9riels m\u00e9dical, pharmaceutique ou hypoallerg\u00e9nique non rembours\u00e9.<br \/>\n&#8211; Besoins exceptionnels : equitherapie, \u00e9quitation, natation, sortie diverses, animations.<\/p>\n<p class=\"texte\">* Pour palier aux besoins personnels de Charlie relatifs \u00e0 sa maladie tels que :<br \/>\n&#8211; L&rsquo;am\u00e9nagement de ses lieux de vie.(Filtres anti U.V)<br \/>\n&#8211; L&rsquo;achat de mat\u00e9riels m\u00e9dical, pharmaceutique ou hypoallerg\u00e9nique non rembours\u00e9.<\/p>\n<p class=\"texte\">* Pour aider les malades et leurs parents dans leur d\u00e9marches administratives.<\/p>\n<p class=\"texte\">* Cr\u00e9ation d&rsquo;une section intitul\u00e9e : \u00a0\u00bb On devient moins petit\u00a0\u00bb.<br \/>\nCette section va permettre d&rsquo;orienter et de d\u00e9velopper le projet qui suit : Cr\u00e9er un centre d&rsquo;activit\u00e9s de jour non m\u00e9dicalis\u00e9 pour enfants handicap\u00e9s mentaux.<\/p>\n<p class=\"texte\">\nCette section sera alors utilis\u00e9e sous la forme :<\/p>\n<p class=\"texte\">Association La Vie pou Christie, section on devient moins petit.<br \/>\nAucune manifestation ne pourra \u00eatre faite sous cette d\u00e9signation car aucun compte bancaire ne lui est attribu\u00e9 .<\/p>\n","protected":false},"excerpt":{"rendered":"<p>Les objectifs de l&rsquo;association sont les suivants : * Faire connaitre la maladie de Christie et Charlie, porteuses d&rsquo;une maladie de peau g\u00e9n\u00e9tique inconnue * De sortir de l&rsquo;isolement. * De rechercher de nouvelles m\u00e9thodes de protection contre le soleil. * R\u00e9colter des fonds : \u00a0 &#8211; Pour financer les examens qui ne seraient pas [&hellip;]<\/p>\n","protected":false},"author":1,"featured_media":0,"parent":0,"menu_order":0,"comment_status":"closed","ping_status":"closed","template":"","meta":{"footnotes":""},"class_list":["post-30","page","type-page","status-publish","hentry"],"_links":{"self":[{"href":"https:\/\/www.la-vie-pour-christie.com\/index.php\/wp-json\/wp\/v2\/pages\/30","targetHints":{"allow":["GET"]}}],"collection":[{"href":"https:\/\/www.la-vie-pour-christie.com\/index.php\/wp-json\/wp\/v2\/pages"}],"about":[{"href":"https:\/\/www.la-vie-pour-christie.com\/index.php\/wp-json\/wp\/v2\/types\/page"}],"author":[{"embeddable":true,"href":"https:\/\/www.la-vie-pour-christie.com\/index.php\/wp-json\/wp\/v2\/users\/1"}],"replies":[{"embeddable":true,"href":"https:\/\/www.la-vie-pour-christie.com\/index.php\/wp-json\/wp\/v2\/comments?post=30"}],"version-history":[{"count":1,"href":"https:\/\/www.la-vie-pour-christie.com\/index.php\/wp-json\/wp\/v2\/pages\/30\/revisions"}],"predecessor-version":[{"id":31,"href":"https:\/\/www.la-vie-pour-christie.com\/index.php\/wp-json\/wp\/v2\/pages\/30\/revisions\/31"}],"wp:attachment":[{"href":"https:\/\/www.la-vie-pour-christie.com\/index.php\/wp-json\/wp\/v2\/media?parent=30"}],"curies":[{"name":"wp","href":"https:\/\/api.w.org\/{rel}","templated":true}]}}